{"id":185,"date":"2022-09-16T13:38:28","date_gmt":"2022-09-16T13:38:28","guid":{"rendered":"https:\/\/boutique.gujan-arcachon-pentathlon.fr\/?post_type=product&#038;p=185"},"modified":"2025-10-25T09:16:28","modified_gmt":"2025-10-25T09:16:28","slug":"k467-sweat-shirt-zippe-capuche-contrastee-femme","status":"publish","type":"product","link":"https:\/\/boutique.gujan-arcachon-pentathlon.fr\/index.php\/product\/k467-sweat-shirt-zippe-capuche-contrastee-femme\/","title":{"rendered":"K467 &#8211; Sweat-shirt zipp\u00e9 capuche contrast\u00e9e Femme"},"content":{"rendered":"<p>passe fil \u00e9couteurs dans la poche kangourou et encolure.<\/p>\n<p>bord-c\u00f4te bas de manches et de\u00a0<span class=\"details\">v\u00eatement. <\/span><\/p>\n<p><span class=\"details\">capuche doubl\u00e9e et contrast\u00e9e avec cordon de serrage. zip ykk\u00ae<\/span><\/p>\n","protected":false},"excerpt":{"rendered":"<p>Marque : <strong>KARIBAN<\/strong><\/p>\n<p>Sweat-shirt zipp\u00e9 capuche contrast\u00e9e femme, 80% coton peign\u00e9 \/ 20% polyester. molleton gratt\u00e9. <span class=\"details\">\u00a0contrast\u00e9 <\/span><\/p>\n<p><span class=\"details\">Grammage :\u00a0280g\/m\u00b2<\/span><\/p>\n<p>Couleur : NAVY\/GREY<\/p>\n<p><a href=\"https:\/\/boutique.gujan-arcachon-pentathlon.fr\/wp-content\/uploads\/2022\/09\/k467.pdf\">Fiche Technique K467 (avec mensurations)<\/a><\/p>\n","protected":false},"featured_media":189,"comment_status":"open","ping_status":"closed","template":"","meta":[],"product_brand":[],"product_cat":[26],"product_tag":[],"class_list":{"0":"post-185","1":"product","2":"type-product","3":"status-publish","4":"has-post-thumbnail","6":"product_cat-vestes-blousons","8":"first","9":"instock","10":"shipping-taxable","11":"purchasable","12":"product-type-variable"},"_links":{"self":[{"href":"https:\/\/boutique.gujan-arcachon-pentathlon.fr\/index.php\/wp-json\/wp\/v2\/product\/185","targetHints":{"allow":["GET"]}}],"collection":[{"href":"https:\/\/boutique.gujan-arcachon-pentathlon.fr\/index.php\/wp-json\/wp\/v2\/product"}],"about":[{"href":"https:\/\/boutique.gujan-arcachon-pentathlon.fr\/index.php\/wp-json\/wp\/v2\/types\/product"}],"replies":[{"embeddable":true,"href":"https:\/\/boutique.gujan-arcachon-pentathlon.fr\/index.php\/wp-json\/wp\/v2\/comments?post=185"}],"wp:featuredmedia":[{"embeddable":true,"href":"https:\/\/boutique.gujan-arcachon-pentathlon.fr\/index.php\/wp-json\/wp\/v2\/media\/189"}],"wp:attachment":[{"href":"https:\/\/boutique.gujan-arcachon-pentathlon.fr\/index.php\/wp-json\/wp\/v2\/media?parent=185"}],"wp:term":[{"taxonomy":"product_brand","embeddable":true,"href":"https:\/\/boutique.gujan-arcachon-pentathlon.fr\/index.php\/wp-json\/wp\/v2\/product_brand?post=185"},{"taxonomy":"product_cat","embeddable":true,"href":"https:\/\/boutique.gujan-arcachon-pentathlon.fr\/index.php\/wp-json\/wp\/v2\/product_cat?post=185"},{"taxonomy":"product_tag","embeddable":true,"href":"https:\/\/boutique.gujan-arcachon-pentathlon.fr\/index.php\/wp-json\/wp\/v2\/product_tag?post=185"}],"curies":[{"name":"wp","href":"https:\/\/api.w.org\/{rel}","templated":true}]}}